b + z = v, -377 = -v - 5*b. Is v a composite number?
False
Suppose 5*n + 4*q - 472 = 0, 69 = 3*n + 5*q - 222. Let c = n - -75. Is c prime?
True
Suppose -2*v + 72 = -4*y, 0*v + 2*v - 72 = -3*y. Let l = 163 - v. Is l prime?
True
Let n(w) = w**2 + 2*w + 2. Let q be n(-3). Suppose 12 = -q*i - 58. Let k = 21 - i. Is k composite?
True
Suppose 6*c - 30 = 3*c. Suppose -2*p + 0 = -c. Suppose p*q - b - 60 = 2*q, 0 = 2*q + b - 35. Is q a composite number?
False
Let n = 45 - 66. Let i = n - -28. Suppose 3*m = i*m - 228. Is m prime?
False
Let d be 2/(-7) - (6/21)/(-1). Suppose -3*k + 212 + 5065 = d. Is k prime?
True
Let m(g) = -g**3 + 12*g**2 - 12*g + 6. Let u be m(8). Suppose 0 = 7*q - u - 303. Is q a composite number?
False
Let p(l) = -26*l**3 - 15*l**2 - 4*l - 17. Is p(-10) prime?
False
Is (2 - (-3 - 1)) + 4 + 15499 prime?
False
Suppose 6*r + 340 = a + 3*r, -4*a = 3*r - 1330. Is a prime?
False
Let d be 2 + 0 + (-3 - -1). Suppose 4*c + 3*x - 79 = d, 4*x = 3*c + 2*c - 91. Let t = c - -40. Is t composite?
False
Let j(l) = -l**3 + 5*l**2 + 2*l - 4. Let a be j(5). Suppose -10*o - 256 = -a*o. Let y = -41 - o. Is y composite?
False
Let o = 3401 - 892. Suppose 3*r - o = 5678. Is r a composite number?
False
Let g(u) = -19*u**2 + 3. Let t be g(-3). Let a = 34 - t. Is a a composite number?
True
Suppose -7*m + 18926 = -5441. Is m a composite number?
True
Suppose 4*a - 490 = 154. Suppose -t - a = -2*c, 16 = 5*t + 1. Is c a prime number?
False
Is (-7)/(-28) + 932769/12 prime?
True
Suppose -10*f = -5*f - 47735. Let t = -6798 + f. Is t composite?
False
Let t = -30 - -18. Let c be 0*(t/(-4))/(-9). Suppose c*w + 3*w = 1191. Is w a prime number?
True
Suppose -91*t + 8 = -99*t. Let r(a) = 60*a**3 - 3*a**2 - 4*a - 5. Let w(o) = 60*o**3 - 2*o**2 - 3*o - 4. Let i(l) = 4*r(l) - 5*w(l). Is i(t) a composite number?
False
Let m be 2/(4/(-18))*7/(-21). Is -149*((-3)/1)/m a composite number?
False
Is (11596/(-6))/((-22)/165*5) a prime number?
False
Let o be (-5 - 2) + 4 - (-3 + 0). Suppose o = -4*u - 0*u + 508. Is u a prime number?
True
Let a = -25 + 30. Suppose -q + a = -3*n + 6*n, -5*q + 11 = n. Suppose -352 + 54 = -q*g. Is g prime?
True
Let l be -3 + ((-4 - -4)/2)/2. Is l - (348/(-9))/((-6)/(-81)) a prime number?
False
Suppose -4*o - 3*v = 51, 18 = -o + 2*v - v. Is 3*(1 + (-1480)/o) a prime number?
False
Is ((-56)/(-16))/((-7)/(-49378)) prime?
False
Let o be ((-9)/((-36)/568))/(2/(-3)). Let n = 1556 + o. Is n a composite number?
True
Is (-48600)/(-70) - (-2)/(-7) prime?
False
Let j(p) = -13*p - 87. Let n(w) = -32*w**3 - 2*w**2 + 4*w - 2. Let k be n(1). Is j(k) composite?
True
Suppose 0 = 72*r - 78*r + 6366. Is r prime?
True
Suppose 0 = 7*q - 2*q + 2*j - 2145, -1714 = -4*q - 2*j. Suppose -4*a + 5*r + q = -35300, 10 = 2*r. Is a prime?
False
Suppose -53 = -3*z + i, 0*i - 22 = -z - 4*i. Is (-24)/z*426/(-8) a composite number?
False
Let i be (8/(3/3))/2. Let v be (-381)/(((-16)/i)/4). Suppose 10*b - v = 7*b. Is b composite?
False
Suppose 0 = 4*s + 563 + 1009. Let y be 3/(-18) + (-32515)/(-42). Let t = y + s. Is t composite?
True
Suppose -78*w = 39*w - 342459. Is w prime?
True
Suppose 4*o - 5*o + 535 = 0. Suppose 3*d = 3427 - o. Suppose 4*l - d = 344. Is l a composite number?
True
Let y = -284 + 173. Let i be y/15 - 8/(-20). Let u = i + 10. Is u a composite number?
False
Let t = 6403 - -1414. Is t prime?
True
Let q(t) be the third derivative of 3*t**5/10 - t**3/6 - 20*t**2. Is q(8) a composite number?
False
Is (-145828)/(-36) - 2 - (-10)/45 a composite number?
False
Let j(u) = u**2 + 4*u - 1. Let r be j(-3). Let k be ((-5)/(-3))/(12/252). Is r/(-4) + 2*k prime?
True
Let y(t) be the first derivative of 4*t**3/3 - 3*t**2 - 3*t - 3. Let p be y(8). Suppose -2*b = -381 - p. Is b composite?
False
Let j(p) = 2*p**3 + 3*p**2 + 2*p. Let z be j(-2). Let v be (-166)/z*(5 - -3). Suppose -4*o + 654 = -2*y + 4*y, -y = o - v. Is o composite?
True
Let x(v) = 3*v + 39. Let z be x(-12). Suppose 146 + 103 = z*r. Is r a prime number?
True
Let b be (-39)/3 - (-1 - 2). Let s(n) = -n**2 - 11*n - 8. Let y be s(b). Is 4/(14 - y)*879 composite?
False
Let f = 12 - 4. Suppose -f - 7 = -p. Is p prime?
False
Suppose 0 = -p - 3*u + 1355, 2*p + 7*u = 3*u + 2714. Is p a prime number?
True
Let m be (-1 - 40/(-15))*3. Suppose -3*u + b = 0, -u + 4*u - m*b = 0. Suppose u = 9*d - 10*d + 1229. Is d composite?
False
Suppose -19157 = -3*p - 2*g, 5*g - 12775 = -5*p + 3*p. Is p a composite number?
True
Suppose -41*q - 210228 = -53*q. Is q a prime number?
True
Let l(f) = -4*f + 26. Let m be l(8). Is 3765 - (0 + -3)/(m/8) prime?
True
Let r(x) = 9*x**2 - 31*x + 103. Is r(8) a prime number?
True
Let o(v) = -77*v**3 - 11*v**2 - 22*v - 7. Is o(-9) a composite number?
True
Is (-221778)/(-108)*(-2)/(-3) a composite number?
True
Suppose 13764 = 2*y + 5*a, 4*a = -4*y + 32356 - 4816. Is y a composite number?
True
Let u be (-58)/8*2*(-2 + -48). Let n = 1560 - u. Is n a composite number?
True
Suppose -1743 = 6*d - 27*d. Is d a composite number?
False
Suppose -x + 71*u = 67*u - 5215, 0 = u + 2. Is x a composite number?
True
Suppose -10*v + 70560 - 2770 = 0. Is v prime?
True
Let s = 2288 + -647. Suppose l = w + 82 + 322, 4*l = -w + s. Is l composite?
False
Let q be (12/10)/((-8)/20)*66. Let w = q - -505. Is w composite?
False
Let v = 5759 + -3348. Is v composite?
False
Suppose 0*w + 4*c = 5*w + 6624, 0 = 3*w + c + 3988. Let n = 6144 + -4167. Let h = w + n. Is h a prime number?
False
Let b(p) = -9 - 202*p + 11 + 10 + 135*p. Is b(-5) a prime number?
True
Let v(n) = -n**3 - 3*n**2 + 3*n + 1. Let p be v(-4). Suppose -p = -3*g - 3*q + 355, 450 = 4*g - 2*q. Is g a prime number?
False
Let d be ((-1)/(-2))/(4/24). Suppose 10 + 2 = d*k. Suppose 0 = 5*v + k*j - 193, -2*j - 31 = -v + j. Is v prime?
True
Let y(s) = 3*s + 18. Let z be y(-8). Is (z/(-3))/(14/56399) prime?
False
Let r = -55 + 57. Suppose 4*s - 56 - 86 = r*j, 0 = -s + j + 36. Is s composite?
True
Let m = 36 - 15. Is m/35 - 8764/(-10) a prime number?
True
Suppose -5*z + 4*z - 4*x = -20, z - 5*x = -7. Suppose -9*s = z*s - 5627. Is s prime?
True
Let r(k) = 31*k**3 - 20*k**2 - 10*k - 16. Is r(9) prime?
True
Let t be (-6)/(-4) + (-56)/16. Is t/(-5)*(-8705)/(-2) a composite number?
False
Let i(p) = -p**3 + 11*p**2 - 10*p + 4. Let j be i(10). Suppose 0 = -j*c - 0*c + 1516. Is c a composite number?
False
Suppose 3*g - g = -22. Let i = 11 + g. Let p(o) = -o**3 + o**2 + 143. Is p(i) a prime number?
False
Let q = -23 + 29. Is (-8 + q)/(2/(-391)) prime?
False
Let v be (16/(-20))/(2 - (-36)/(-20)). Is 7 - (-16)/v - -1208 composite?
True
Suppose 0 = -7*z - 2*z. Suppose 3*i = 6*i + 5*u - 2721, z = 5*i + u - 4535. Is i a composite number?
False
Suppose -2*u = -u - 1. Let l be u - (-53 + 3 + -1). Let y = l - 9. Is y a composite number?
False
Suppose 4*t - 3 = p - 0*p, -5*p = -2*t - 3. Suppose 0 = -q + j + t, -j - 4*j = -15. Suppose q*f - 241 - 107 = 0. Is f prime?
False
Suppose -2*l - 54001 = 7*f - 12*f, 0 = 2*f + 5*l - 21583. Is f prime?
True
Suppose -33825 = -5*o + 4*m, 3*m = 5*o - 2*o - 20298. Is o a composite number?
False
Suppose 4*z = -4*u - 0*z + 220200, u - 2*z - 55047 = 0. Is u prime?
True
Let m(j) = 119*j**2 - 13*j - 5. Is m(-2) a composite number?
True
Let b be -1 + (-4 - -12)*-64. Let h = 682 - b. Is h prime?
False
Let w = -22 + 122. Let m be (-33)/6*w/(-2). Suppose 361 + m = 4*b. Is b composite?
True
Let b(f) = -3*f - 16. Let h be b(-7). Suppose h*t = 8*t - 1011. Suppose 0*v + t = v. Is v a prime number?
True
Let l = -3580 - -12878. Is l composite?
True
Let y be (-892)/(-1) + (-13 - -10). Is 1*(-2 - -3)*y composite?
True
Suppose 0 = -5*o + 4*l + 142, -2*o = 3*o + l - 127. Is 4/o + (-57597)/(-39) a composite number?
True
Let b = 1 - 1. Let k be 2 - b/(2/(-2)). Suppose k*m + 3*m = 565. Is m prime?
True
Is 10897 + 4*(-8 - -2)/(-6) a prime number?
False
Let j be -10 + 6 + (0 - 0/2). Is 0 - 0 - -289 - j prime?
True
Let l(y) = 839*y**2 - 48*y + 91. Is l(2) composite?
True
Is 6487 - 4/(-6)*-3 composite?
True
Is ((-13543)/(-1))/(-3*3/(-9)) composite?
True
Let s(j) = 2*j**2 + 17*j - 13. Let d be s(-12). Let g = d - 37. Is g a composite number?
True
Let x be 18/(-4)*8/6. Let y(s) = 2*s**2 - 9*s - 10. Let z(r) = 2*r**2 - 8*r - 9. Let w(v) = -4*y(v) + 5*z(v). Is w(x) a prime number?
False
Let o(h) = 3